{"id":44,"date":"2015-11-16T18:46:22","date_gmt":"2015-11-16T17:46:22","guid":{"rendered":"http:\/\/www.claus-claussen.de\/?page_id=44"},"modified":"2015-11-16T18:46:22","modified_gmt":"2015-11-16T17:46:22","slug":"pellworm-karten","status":"publish","type":"page","link":"https:\/\/www.claus-claussen.de\/index.php\/pellworm\/pellworm-karten\/","title":{"rendered":"Pellworm &#8211; Karten"},"content":{"rendered":"<p><a href=\"https:\/\/www.claus-claussen.de\/wp-content\/uploads\/2015\/11\/husum-meyer-kor.jpg\"><img loading=\"lazy\" decoding=\"async\" class=\"alignnone wp-image-45\" src=\"https:\/\/www.claus-claussen.de\/wp-content\/uploads\/2015\/11\/husum-meyer-kor-300x226.jpg\" alt=\"husum-meyer-kor\" width=\"1012\" height=\"762\" srcset=\"https:\/\/www.claus-claussen.de\/wp-content\/uploads\/2015\/11\/husum-meyer-kor-300x226.jpg 300w, https:\/\/www.claus-claussen.de\/wp-content\/uploads\/2015\/11\/husum-meyer-kor.jpg 600w\" sizes=\"auto, (max-width: 1012px) 100vw, 1012px\" \/><\/a><\/p>\n<p><strong>Johannes Mejer<\/strong> , Karte Praefectura Husumensis, 1649<\/p>\n<p>Die dunklen Fl\u00e4chen kennzeichnen die bei der Sturmflut 1634 untergegangenen Teile der alten Insel Strand (erhalten helle Fl\u00e4chen: Teile Pellworms , Hallig Nordstrandischmoor und Teil von Odenb\u00fcll)<\/p>\n<p><a href=\"https:\/\/www.claus-claussen.de\/wp-content\/uploads\/2015\/11\/pellwormberentz.jpg\"><img loading=\"lazy\" decoding=\"async\" class=\"alignnone wp-image-46\" src=\"https:\/\/www.claus-claussen.de\/wp-content\/uploads\/2015\/11\/pellwormberentz-300x266.jpg\" alt=\"pellwormberentz\" width=\"608\" height=\"539\" srcset=\"https:\/\/www.claus-claussen.de\/wp-content\/uploads\/2015\/11\/pellwormberentz-300x266.jpg 300w, https:\/\/www.claus-claussen.de\/wp-content\/uploads\/2015\/11\/pellwormberentz.jpg 600w\" sizes=\"auto, (max-width: 608px) 100vw, 608px\" \/><\/a><\/p>\n<p>Insel Nordstrand vermessen von Jan Barensz Westerdiek 1634 und 1637\u00a0aus dem St. Theresienarchiv Nordstrand\u00a0(liegt im Kreisarchiv Nordfriesland, Husum) Quelle: Nachdruck von E. Winter, Garding<\/p>\n","protected":false},"excerpt":{"rendered":"<p>Johannes Mejer , Karte Praefectura Husumensis, 1649 Die dunklen Fl\u00e4chen kennzeichnen die bei der Sturmflut 1634 untergegangenen Teile der alten Insel Strand (erhalten helle Fl\u00e4chen: Teile Pellworms , Hallig Nordstrandischmoor und Teil von Odenb\u00fcll) Insel Nordstrand vermessen von Jan Barensz Westerdiek 1634 und 1637\u00a0aus dem St. Theresienarchiv Nordstrand\u00a0(liegt im Kreisarchiv\u2026<\/p>\n<p> <a class=\"continue-reading-link\" href=\"https:\/\/www.claus-claussen.de\/index.php\/pellworm\/pellworm-karten\/\"><span>weiterlesen<\/span><i class=\"crycon-right-dir\"><\/i><\/a> <\/p>\n","protected":false},"author":1,"featured_media":0,"parent":28,"menu_order":0,"comment_status":"closed","ping_status":"closed","template":"","meta":{"footnotes":""},"class_list":["post-44","page","type-page","status-publish","hentry","gallery-content-unit"],"_links":{"self":[{"href":"https:\/\/www.claus-claussen.de\/index.php\/wp-json\/wp\/v2\/pages\/44","targetHints":{"allow":["GET"]}}],"collection":[{"href":"https:\/\/www.claus-claussen.de\/index.php\/wp-json\/wp\/v2\/pages"}],"about":[{"href":"https:\/\/www.claus-claussen.de\/index.php\/wp-json\/wp\/v2\/types\/page"}],"author":[{"embeddable":true,"href":"https:\/\/www.claus-claussen.de\/index.php\/wp-json\/wp\/v2\/users\/1"}],"replies":[{"embeddable":true,"href":"https:\/\/www.claus-claussen.de\/index.php\/wp-json\/wp\/v2\/comments?post=44"}],"version-history":[{"count":1,"href":"https:\/\/www.claus-claussen.de\/index.php\/wp-json\/wp\/v2\/pages\/44\/revisions"}],"predecessor-version":[{"id":47,"href":"https:\/\/www.claus-claussen.de\/index.php\/wp-json\/wp\/v2\/pages\/44\/revisions\/47"}],"up":[{"embeddable":true,"href":"https:\/\/www.claus-claussen.de\/index.php\/wp-json\/wp\/v2\/pages\/28"}],"wp:attachment":[{"href":"https:\/\/www.claus-claussen.de\/index.php\/wp-json\/wp\/v2\/media?parent=44"}],"curies":[{"name":"wp","href":"https:\/\/api.w.org\/{rel}","templated":true}]}}